37207
In base 10, what is -2563 + 3127?
564
In base 13, what is 185c + -2093?
-534
In base 8, what is -1124 - 664002?
-665126
In base 16, what is 108dba + -9?
108db1
In base 16, what is 3 + -1b458fa?
-1b458f7
In base 10, what is -230334 + -112?
-230446
In base 2, what is 101011010000000100000100001 - 0?
101011010000000100000100001
In base 13, what is -2716 + 9a3c?
7326
In base 6, what is 1001 - 3205022?
-3204021
In base 11, what is 10 + 2881270?
2881280
In base 4, what is 121301 + -123221213?
-123033312
In base 14, what is -3c91 + -169?
-401a
In base 4, what is -10322103 + 100?
-10322003
In base 4, what is 1320010302221 - 20?
1320010302201
In base 16, what is -15 + 1477e2?
1477cd
In base 14, what is -715 - -5c4ac?
5bb97
In base 8, what is -14611 + -535?
-15346
In base 11, what is 865a235 + -3?
865a232
In base 16, what is 120a20 - 148?
1208d8
In base 3, what is 1021221212210 + -110200?
1021221102010
In base 14, what is 11c + 34ba?
35d8
In base 6, what is 130513 - -1143035?
1313552
In base 2, what is 110100011101100010101101111 - 1?
110100011101100010101101110
In base 9, what is 105860 - 4441?
101418
In base 14, what is -222d5 - -15c5?
-20b10
In base 13, what is 3519310 - 0?
3519310
In base 9, what is 824 + -10168?
-8244
In base 16, what is -e + 118d7a?
118d6c
In base 3, what is -10012210 - 110012220?
-120102200
In base 13, what is -823 + 13bc7?
133a4
In base 15, what is -1 - -1318c4cb?
1318c4ca
In base 7, what is 162523 - -1404?
164230
In base 9, what is -13074 + 1130?
-11844
In base 11, what is 8 + 2a13681?
2a13689
In base 2, what is -10010000101110101101111011 - 101?
-10010000101110101110000000
In base 16, what is -1b34356 - 0?
-1b34356
In base 4, what is -21002201202 - 221?
-21002202023
In base 5, what is -10 - 103242040?
-103242100
In base 5, what is 0 + -12213030422?
-12213030422
In base 9, what is -2158858357 - 1?
-2158858358
In base 15, what is -3 - -d14b11?
d14b0d
In base 6, what is 325220 + -54423?
230353
In base 3, what is 1200001002101 + -1000?
1200001001101
In base 9, what is -5 + 5075788?
5075783
In base 7, what is -614 + -154534?
-155451
In base 9, what is -163 - 172456?
-172630
In base 16, what is -39 - 2e09e?
-2e0d7
In base 13, what is -24 - 23b3a00?
-23b3a24
In base 3, what is 2011120220 + -100?
2011120120
In base 12, what is -506 + 591?
87
In base 5, what is 12 + 4221?
4233
In base 7, what is 4 + 21444340?
21444344
In base 14, what is -47 + 1a27?
19c0
In base 7, what is -4353 - -501?
-3552
In base 15, what is -cb40 - 17e?
-ccbe
In base 5, what is 4101341 + -4240?
4042101
In base 15, what is 4b - 9506?
-94aa
In base 4, what is 11 + -1103203031?
-1103203020
In base 16, what is -19dc7 + 3?
-19dc4
In base 16, what is -1edacc - -15?
-1edab7
In base 15, what is d5 + 30e8b?
31071
In base 14, what is -8794b1 + -a?
-8794bb
In base 12, what is -49543640 - -3?
-49543639
In base 14, what is -6549 - -5d?
-64ca
In base 13, what is -3 - -307b1?
307ab
In base 9, what is 1760781 - -4?
1760785
In base 16, what is 56ad979 + 3?
56ad97c
In base 11, what is -279 - 6563?
-6831
In base 11, what is 4 - 174433?
-17442a
In base 14, what is 12d0 - 652?
a7c
In base 10, what is -4 - -1437896?
1437892
In base 16, what is -773a + -25d9?
-9d13
In base 6, what is 35 + 31040455?
31040534
In base 5, what is -144 - 10140244444?
-10140300143
In base 14, what is -aa351 - 2?
-aa353
In base 7, what is 631 + -51140?
-50206
In base 10, what is 87 + 65262?
65349
In base 14, what is -6276216 + 2?
-6276214
In base 16, what is 4 - -2d38285?
2d38289
In base 16, what is -3cdbc6 - 41?
-3cdc07
In base 13, what is -36a09 + 70?
-36969
In base 12, what is -3 + -1ba688?
-1ba68b
In base 2, what is -110000000101101000 - -101001?
-110000000100111111
In base 7, what is -1 - 346265333?
-346265334
In base 5, what is 41134 - 13233320?
-13142131
In base 8, what is 2303630 + -4?
2303624
In base 8, what is 43717 - 7625?
34072
In base 7, what is 0 + 1660250613?
1660250613
In base 6, what is 121150150 - 3?
121150143
In base 4, what is 1001213 + -3213?
332000
In base 13, what is -41b9 - 5a91?
-9c7a
In base 12, what is 5 - -91a239?
91a242
In base 2, what is -111001110111010111000100 + 10?
-111001110111010111000010
In base 13, what is -2351 + -384a?
-5b9b
In base 6, what is 335054240212 + 3?
335054240215
In base 5, what is -302412 - 434?
-303401
In base 14, what is -1 - 50689a2?
-50689a3
In base 12, what is 4a227 + 122?
4a349
In base 12, what is -4803a + -57?
-48095
In base 4, what is 131112100301 + -2?
131112100233
In base 2, what is -1100110001100 + -11100110001010?
-101001100010110
In base 6, what is 355054402403 + -5?
355054402354
In base 4, what is 111321 + -1012012323?
-1011301002
In base 13, what is -14 - 46b86b9?
-46b8700
In base 13, what is -561ba + -76?
-56263
In base 8, what is -354726231 - -1?
-354726230
In base 10, what is 2941584 + 5?
2941589
In base 10, what is -94 - 269800?
-269894
In base 3, what is -12 + 21200202022222?
21200202022210
In base 11, what is 6617572 + 0?
6617572
In base 9, what is -7547 - 22070?
-30627
In base 16, what is 155e6b4 - 22?
155e692
In base 13, what is 2 - 2723356?
-2723354
In base 15, what is -2 + 32238a8?
32238a6
In base 16, what is f4cb + -124?
f3a7
In base 3, what is 10 - 12102111210012?
-12102111210002
In base 13, what is -ba - b97?
-c84
In base 5, what is 2433323 - 4144?
2424124
In base 2, what is 1011101101111011010111010 + -110?
1011101101111011010110100
In base 16, what is -5 - -12c2335b?
12c23356
In base 15, what is e83c - -224?
ea61
In base 16, what is -16 - 916366?
-91637c
In base 6, what is 441405 - 1?
441404
In base 15, what is 3ca5 - 53e?
3766
In base 16, what is -3 + -2e69ece?
-2e69ed1
In base 6, what is -11150122 + -242?
-11150404
In base 2, what is -10001101 + -1010101100010001?
-1010101110011110
In base 11, what is -a116 + -a703?
-19819
In base 6, what is 2 + 13353252043?
13353252045
In base 16, what is 5bd50f - -23?
5bd532
In base 16, what is -15 - -52d5e9?
52d5d4
In base 14, what is 389a5d + 3?
389a62
In base 13, what is 5745 + -86c7?
-2c82
In base 15, what is -5c374b - -11?
-5c373a
In base 4, what is -233 + 231102321?
231102022
In base 4, what is -3013 + 1323002003?
1322332330
In base 12, what is -6 + 3964734?
396472a
In base 12, what is 34 - -117738?
117770
In base 12, what is 3060721 + 2?
3060723
In base 13, what is -133a54 - 6?
-133a5a
In base 12, what is -226b2a0 - 5?
-226b2a5
In base 8, what is 55 + 2040420?
2040475
In base 2, what is 1001011001110110010010100 + 101?
1001011001110110010011001
In base 6, what is 12441012 + -125?
12440443
In base 15, what is -7098ec4 + -4?
-7098ec8
In base 6, what is 4100432354 - 4?
4100432350
In base 2, what is 11100100010110101 - -1101000?
11100100100011101
In base 8, what is 11601 + 1711?
13512
In base 8, what is 0 + -54046120?
-54046120
In base 5, what is -1033330304 + 3?
-1033330301
In base 8, what is -55 - 1672500?
-1672555
In base 4, what is 33013300 + -13303?
32333331
In base 3, what is 212 + 22220212112?
22220220101
In base 14, what is 30b + -480b?
-4500
In base 12, what is 1 - -4364b312?
4364b313
In base 3, what is 12112200120122010 + -1?
12112200120122002
In base 6, what is 125043030 + 33?
125043103
In base 12, what is 928 + -9359?
-8631
In base 8, what is 2 + 31510145?
31510147
In base 5, what is -331333 - -140?
-331143
In base 7, what is -21651 + -10551?
-32532
In base 6, what is 0 - -2312225405?
2312225405
In base 3, what is -2002101 + -2002201?
-11012002
In base 8, what is 4452627 - 237?
4452370
In base 2, what is 1110 - 110000000000000001100?
-101111111111111111110
In base 2, what is 11001001111011 - 10?
11001001111001
In base 15, what is 5 + -34ed040?
-34ed03a
In base 9, what is -2 - -5057052?
5057050
In base 6, what is -13 - -23450405?
23450352
In base 3, what is 11011 + -11000222211?
-11000211200
In base 15, what is -2c703c2 - -5?
-2c703bc
In base 3, what is -12 + 11200200200111212?
11200200200111200
In base 13, what is 9499a69 + 3?
9499a6c
In base 14, what is a17 - -6cc8?
7901
In base 2, what is -100110 + -100110100100000001010?
-100110100100000110000
In base 8, what is 6347366 + 3?
6347371
In base 6, what is 32222340 - -5?
32222345
In base 15, what is -1 + 5d355b?
5d355a
In base 12, what is 1 - 27656398?
-27656397
In base 14, what is 636b46 - 21?
636b25
In base 15, what 